= -3*i + 6. Let w be t(i). Let r be (2*-1 - w) + 0. What is the highest common factor of 16 and r?
8
Suppose -2*m + 16 = -40. What is the greatest common divisor of m and 56?
28
Let s be (1/2)/((-5)/(-10)). Let c = 1 - s. Suppose 4*o + o - 50 = c. Calculate the greatest common factor of o and 70.
10
Suppose -q = -63 - 5. Suppose -2*w = -19 - 15. Calculate the highest common factor of w and q.
17
Let i = -2 + 19. Suppose 9*h = 4*h - 5*a - 20, 0 = -3*h - 4*a - i. Suppose 3*g = -3*v + 42, -v - v + 23 = g. Calculate the greatest common divisor of v and h.
1
Let l(t) = -168*t + 4. Let h be l(-4). Suppose -h - 184 = -5*a. Suppose 2*y = -52 + a. What is the greatest common divisor of 12 and y?
12
Suppose -t + 299 = 84. Suppose -3*l = -5*n - t, -3*l + 65 + 144 = n. What is the highest common factor of l and 28?
14
Suppose -5*s + 13 = 3. Let n = 35 - 25. What is the highest common divisor of n and s?
2
Let c(m) = -m - 51. Let v be c(0). Let u = -29 - v. Suppose i + 0*i = u. Calculate the highest common factor of 2 and i.
2
Let c = 16 - 14. Let a be (-24)/c*(-27)/6. Calculate the greatest common factor of 36 and a.
18
Let k be 6/(-3 - 27/(-12)). Let d(i) = -i**3 - 9*i**2 - 9*i - 3. Let g be d(k). What is the highest common divisor of 45 and g?
5
Let b be (-40)/(-3) + 2/3. Let f = -11 + 2. Let k = f + b. Calculate the greatest common divisor of k and 20.
5
Let b be 4/12 - (-51)/9. Suppose -d - 3 = -b. What is the highest common factor of 30 and d?
3
Suppose 1 + 1 = r, 0 = -2*a + 2*r - 18. Let t = a - -1. Let n(s) = -s**3 - 5*s**2 + 2*s - 3. Let b be n(t). Calculate the greatest common factor of b and 14.
7
Suppose -3 + 1 = -2*x. Suppose -5*n + 0*n + x = -i, 3*n = 5*i - 17. Suppose -10 = -i*j + 3*j. Calculate the greatest common divisor of j and 10.
10
Let l(z) = z**2 + 5*z + 6. Let r be l(-5). Suppose p = r*p - 5. Let v be 3/1*4/6. What is the highest common factor of v and p?
1
Let l = 0 - -12. Let p(n) = -103*n + 5. Let c(q) = 102*q - 4. Let k(b) = -6*c(b) - 5*p(b). Let g be k(-1). What is the greatest common divisor of g and l?
12
Let z = -166 - -62. Let t = z + 162. What is the greatest common divisor of t and 145?
29
Suppose 0 = 3*a + 3*s + 18, 12 + 9 = -2*a + s. Let f = a - -5. Let b = f - -8. Calculate the highest common factor of 2 and b.
2
Let q = 21 + -9. Calculate the greatest common factor of q and 12.
12
Suppose -3*g = -5*z + 45, 2*z - 2*g - 17 = -g. What is the greatest common factor of 21 and z?
3
Let o be (-2*(-3)/12)/(2/220). What is the greatest common factor of o and 5?
5
Let r be -2*(-3)/12*-2. Let s = -14 - -26. Let x be r + 1*s - 1. Calculate the greatest common divisor of 40 and x.
10
Let j be ((-69)/12)/((-4)/16). Let s = 65 + 119. Calculate the highest common factor of s and j.
23
Let r(y) = y**2 - 9*y + 2. Let k be r(9). Suppose k = -3*m + 11. Calculate the highest common divisor of 33 and m.
3
Suppose -7*z = -8*z + 11. What is the highest common divisor of 11 and z?
11
Suppose 0 = -3*j + 8*j + 120. Let z = 45 + j. Suppose -4*p + z = -0*y + y, 84 = 4*y - 3*p. What is the greatest common factor of 7 and y?
7
Let v(t) = t**2 + 14*t - 3. Let g be v(-16). Calculate the greatest common divisor of 203 and g.
29
Suppose 0 = 4*r + r - 125. Let m = r - -13. Let p(s) = -s**2 - 19*s + 5. Let k be p(-10). What is the highest common divisor of k and m?
19
Let r(d) = d**2 + 12*d - 8. Let j(k) = 1. Let h(w) = -5*j(w) - r(w). Let n be h(-10). What is the greatest common factor of n and 207?
23
Let g = 115 - -272. What is the highest common factor of g and 43?
43
Let f = 687 - 399. Calculate the highest common divisor of f and 36.
36
Suppose -71 = -4*n - 11. Suppose 43 + 77 = 4*v. What is the greatest common factor of v and n?
15
Let p = 7 + 32. Calculate the greatest common divisor of p and 26.
13
Let z = 10 - -30. Suppose -4*g + z = -4*t, -4 = -4*g - t + 56. Calculate the greatest common factor of g and 14.
14
Let w = -7 - -14. Let r = -367 - -742. Suppose 2*y - 2*g = 112, 0 = -5*y - 5*g - 95 + r. What is the greatest common divisor of w and y?
7
Suppose 26 = 4*t + 2. Let f(o) = -o + 20. Let l be f(-4). Calculate the highest common factor of l and t.
6
Let i be 3/(-2)*(-8)/(-6). Let d = i - -6. Suppose 0*z + 5*z = 160. Calculate the highest common divisor of z and d.
4
Let p = 16 - -72. Let l(g) = 7*g**2 - 2*g - 1. Let v be l(-1). Calculate the greatest common divisor of p and v.
8
Suppose 3*h - h - 5*o + 20 = 0, -4*o = -2*h - 16. Suppose 5*z - 2*z - 15 = h. Suppose 9 = z*q + 2*l - 1, -l = 0. Calculate the highest common factor of 8 and q.
2
Let i be 1*-3*2/(-3). Let r be 2 + 132/(3 - -1). Suppose 2*w - 4*j - r = j, i*w = -j + 29. Calculate the greatest common divisor of w and 60.
15
Suppose -15 + 3 = -3*o. Suppose -3*t - 36 = -o*i, 5*i - 13 = 2*t + 25. What is the highest common divisor of 12 and i?
6
Suppose 0 = -7*n + 6*n + 5, 0 = 4*d - 2*n - 74. Calculate the greatest common factor of 105 and d.
21
Let p = 35 - 72. Let a = p + 12. Let u = a + 43. What is the greatest common factor of 9 and u?
9
Let w(r) = r**3 - 2*r**2 - 14*r + 5. Let f be w(6). What is the highest common factor of f and 26?
13
Suppose 2*b - 20 = 4*l, 4*l - 3*b = 2 - 26. Let a be (-2 - 1)/(-1) - l. What is the greatest common divisor of 9 and a?
3
Let r(g) = g + 6. Let u(z) = -5*z + 1. Let a be u(1). Let d be r(a). Suppose -14 = d*b - 194. What is the highest common divisor of b and 18?
18
Let s(t) = t**2 + t - 4. Let d be s(-3). Let x(a) = d + a + 1 - 4 + 2*a. Let f be x(1). Calculate the greatest common divisor of 1 and f.
1
Let n = -84 + 89. Calculate the highest common factor of n and 25.
5
Let s be 1/(532/(-178) - -3). Suppose -4*m = 5*x - s, 4*x = -4*m + m + 67. Calculate the greatest common divisor of m and 231.
21
Suppose -d = -4*f + 11, 5*f - 21 + 8 = d. Suppose -f*n = -n - 9. What is the highest common factor of 9 and n?
9
Let b = -44 + 52. Calculate the greatest common factor of b and 16.
8
Suppose f = u + 6, 9 = 5*f - 0*u + 2*u. Let n = 2 + 3. Let k = n - f. Calculate the highest common factor of 14 and k.
2
Suppose 0 = -2*h + 13 + 7. Suppose -u + 1 = -3. Let r = u + 6. Calculate the greatest common divisor of r and h.
10
Suppose 0 = 2*x + 3*x. Suppose x = 4*p + 4*b + 380, 0 = p + b + 3*b + 104. Let t be 8/12 - p/6. Calculate the greatest common factor of t and 2.
2
Let n(x) be the third derivative of -x**6/120 + x**5/15 - x**4/24 + x**3/2 - 2*x**2. Let u be n(3). What is the highest common divisor of 9 and u?
9
Let p be (-1)/2 - (-17)/2. Let h(w) = -w**3 + 8*w**2 + 8*w + 6. Let z be h(p). Calculate the greatest common factor of 14 and z.
14
Let p(y) = -y. Let l be p(-6). Let x be 4/l + (-21)/(-9). What is the highest common factor of 1 and x?
1
Let x = 15 - 30. Let n = x + 39. Let s be -9 + 9 + (-3)/(-1). Calculate the highest common divisor of s and n.
3
Let a be -2 + 1*-115*-2. Suppose -4*g + a = -240. Suppose 10 - 49 = -3*c. What is the greatest common divisor of c and g?
13
Let y(b) = b. Let r be y(4). Suppose 0 = -r*w - w + 45. What is the greatest common factor of w and 9?
9
Let p = 42 + -16. Calculate the highest common divisor of 104 and p.
26
Let v be (-2 - (-1)/(-3))*-27. Suppose h - 10 = 11. What is the greatest common divisor of h and v?
21
Let a(x) = x**2 + x + 15. Let w be a(-7). What is the highest common divisor of w and 3?
3
Let g be (-47)/6 - 5/30. Let f be (52/g)/((-1)/2). Calculate the greatest common factor of f and 13.
13
Let m(w) = -7*w + 7. Let p be m(-2). Calculate the greatest common divisor of p and 7.
7
Suppose 13 = u - a - 1, -3*u = 2*a - 22. Let p = 1 - -9. What is the greatest common divisor of u and p?
10
Let i be (28/(-6) + 3)*-15. Let d = i + -10. Suppose -5*a + 103 = 5*f + 23, 47 = 3*f + 2*a. Calculate the greatest common factor of f and d.
15
Let w(m) = 37*m**2 + m. Let u be w(-1). Suppose 0*r + u = 3*r. Calculate the greatest common divisor of 72 and r.
12
Let b(n) = -15*n. Let x be b(-3). What is the highest common factor of 18 and x?
9
Let u = -65 + 329. What is the greatest common factor of 24 and u?
24
Let s = 35 - 22. What is the highest common factor of 26 and s?
13
Let t = 13 - 28. Let j be (0 - -2)/((-6)/t). Suppose -2*f = -j*f + 45. Calculate the highest common divisor of f and 165.
15
Suppose -68 = -2*j + j -